t c be f(-19). Let u = c - -88. Let l = -106 + 150. Calculate the greatest common divisor of u and l.
22
Let z(r) = 602*r - 14296. Let c be z(24). Let f(t) = 189*t + 2. Let j be f(2). Calculate the highest common factor of c and j.
76
Suppose 26*g = 29*g + u - 29, -3*u = -g + 13. What is the greatest common factor of g and 465?
5
Let x be 30/255 - (-151)/17. Suppose -11*g - x = -12*g. What is the greatest common factor of g and 6?
3
Let o be ((-5076)/10)/(-3) - (-104)/130. What is the highest common divisor of o and 476?
34
Let y be 4*((-7)/(-2) + 0). Let v(r) = -9*r**3 + 4*r**2 + 27*r - 9. Let k be v(-3). What is the highest common factor of y and k?
7
Let g be (-73272)/(-86) + (-7)/((-7)/8). What is the highest common divisor of 240 and g?
20
Let c = -1819 + 3403. Calculate the highest common factor of 36 and c.
36
Suppose -9261 - 722 = -89*b + 14848. Calculate the highest common divisor of 5487 and b.
93
Let z(v) = 1799*v - 668. Let c be z(1). Calculate the greatest common divisor of 1479 and c.
87
Let t be (-36)/(60/(-24) + 0 + 1). Suppose -29*n = -2*x - t*n + 138, 4*n = 2*x - 138. What is the highest common factor of 3 and x?
3
Let y = 367 - 424. Let l be -1 + 16 + (-399)/y. What is the highest common factor of 187 and l?
11
Suppose 0 = 36*g - 33*g + 111. Let d = 59 + g. What is the highest common factor of 77 and d?
11
Suppose -13*z + 1248 = -5*z. Suppose z = -0*w + 2*w + 4*o, o - 291 = -4*w. Calculate the greatest common factor of 576 and w.
72
Let h(a) = 18*a + 111. Let q be h(-7). Let c be (-32 - 6)/(6/q). Calculate the highest common factor of c and 76.
19
Let t = 133 - 52. Suppose 81 = 11*y - 51. Suppose -y*r - 594 = -23*r. What is the greatest common factor of r and t?
27
Let b be -167 + 170 - (-22 + 1). Let j be (-2)/(-8) + 446/8. What is the highest common factor of j and b?
8
Suppose -4*r - q = 3*q - 4524, 2*q = -4. Let c(k) = 1312*k + 105063. Let z be c(-80). What is the greatest common divisor of r and z?
103
Let t(q) = -4*q**2 - 69*q - 7. Let j be (-1598)/51 + 16 - (-10)/(-6). Let l be t(j). Calculate the highest common divisor of l and 990.
10
Suppose 5*i + 7020 = 43*z - 38*z, 1404 = z - 5*i. What is the greatest common factor of z and 432?
108
Let c = 10210 + -6375. Calculate the greatest common divisor of 325 and c.
65
Let i be 2*-1*((-133895)/30 + (-56)/(-84)). What is the highest common factor of 135 and i?
15
Let x be (-9315)/(-108)*(-20)/(-3). Let s = -547 + x. Calculate the highest common factor of s and 112.
28
Let b = 4199 - 3819. Calculate the highest common factor of 25 and b.
5
Let q(b) = -2*b**2 + 42*b + 1560. Let l be q(40). What is the greatest common factor of l and 9640?
40
Let p = -156 + 116. Let d be 888/80 - (-4)/p. Calculate the highest common divisor of d and 11.
11
Suppose 0 = 4*v - 5*v - 3*k - 13, -5*v = 2*k. Let f(u) = 5*u**2 + 3*u - 6. Let j be f(v). What is the greatest common divisor of 460 and j?
20
Suppose -108 = 1366*x - 1370*x. Calculate the greatest common factor of x and 747.
9
Suppose -177*i = -379008 + 269423 - 594521. Calculate the highest common factor of 27 and i.
9
Suppose -4*b + 272 = -6*z + 3*z, -2*z = 0. Suppose -a + 98 = b. Calculate the highest common factor of 15 and a.
15
Let b(a) = 148*a - 177. Let v be b(61). What is the highest common factor of 334 and v?
167
Let j be 0/(-1639) - ((-2)/6 - 34/6). Let k(u) = -u**2 - 6*u + 7. Let x be k(-7). Suppose x = -5*l + 217 - 67. What is the highest common factor of l and j?
6
Let h(z) = -z**3 - 17*z**2 + 17*z - 2. Let x be h(-18). Let q = -16 + x. Let w be q/3 - -93 - (4 + -1). What is the highest common factor of 10 and w?
10
Let y(l) = -l - 8. Let a be y(-14). Suppose s + 95 = 2*r - a*r, 0 = 2*r + 4*s + 58. Let q = r + 33. Calculate the highest common factor of 40 and q.
10
Let x = 3332 - 3047. Calculate the greatest common factor of 75 and x.
15
Let i(g) = 48*g**2 + 145. Let m be i(-10). Suppose 31*k + 12*k - m = 0. What is the highest common factor of 23 and k?
23
Suppose -282*o + 6480 = -228*o. Calculate the highest common factor of 228 and o.
12
Let a(f) be the second derivative of f**4 - 13*f**3/6 + 11*f**2/2 + 26*f + 4. Let c be a(1). Calculate the highest common divisor of c and 190.
10
Let i = 67 - 69. Let p be 4/18 - (830/(-45))/i. Let l be (-3)/p*0 - (-32 - 1). Calculate the greatest common divisor of l and 22.
11
Let l(r) = 6*r**2 - r - 7. Let k be l(-4). Suppose -11*s + k + 6 = 0. Calculate the highest common factor of 1 and s.
1
Suppose 2*n - 109 = -75. Let z(m) = 7*m - 1. Let r(t) = -t. Let j(x) = -12*r(x) - 4*z(x). Let y be j(-4). Calculate the highest common factor of y and n.
17
Suppose 5*g - 5940 = -5*t, -4*g = 28*t - 25*t - 3562. Calculate the highest common divisor of t and 272.
34
Let t = 44683 + -26401. What is the greatest common factor of t and 33?
33
Let y = 11027 + -10574. What is the greatest common factor of y and 6?
3
Let y(d) = -1 + d**3 - 7*d**2 - d**2 - 2 - 8*d + 2. Let i be y(9). Suppose 123 = 11*n - i*n. Calculate the greatest common factor of n and 82.
41
Suppose -2*w + 2620 + 6640 = 2*m, 4*w + 5*m = 18520. What is the highest common factor of 20 and w?
10
Let i be -8 + 7 + 751 - -8. Suppose d - 184 = -0*t - 3*t, t - i = -4*d. Calculate the greatest common divisor of d and 475.
95
Let j be 14/((-182)/143) - -5461. What is the highest common divisor of j and 50?
50
Let m = 62 + -2. Let x(i) = i**2 + 0*i**2 + 0*i**2 - 9 - 5*i - 3*i. Let v be x(11). Calculate the highest common factor of m and v.
12
Let j(h) be the third derivative of h**4/8 - h**3/3 - 2*h**2. Let p = -581 + 582. Let o be j(p). Calculate the highest common factor of o and 1.
1
Let x(a) = 10*a + 24. Let t be x(10). Suppose -83 = -w + t. Suppose 2*d = 6*d - 92. What is the greatest common divisor of w and d?
23
Let d be ((-264)/84 + 4)/(9/1218). Calculate the highest common factor of 24 and d.
4
Let i(q) = q**2 - 11*q + 19. Suppose 0*r + 5*r + 60 = 5*c, 0 = c - 3*r - 16. Let k be i(c). What is the greatest common factor of k and 18?
9
Let z be (0 + 0)*(-16)/(-64). Suppose z = 6*h - 14*h - 432. Let v = -34 - h. Calculate the highest common factor of 40 and v.
20
Suppose 11*u - 8 = 3. Let t(y) = 9*y**2 - 6*y + 4. Let r be t(u). Let n be 15*(-1)/(-3)*r. What is the highest common divisor of n and 35?
35
Let o = -1748 + 1860. Suppose s - 2*s + 156 = 5*c, -88 = -3*c - 2*s. What is the highest common factor of c and o?
16
Let t be (-2)/4 + 78/(-4). Let o = t + 72. Let j = -3565 + 3695. Calculate the highest common factor of o and j.
26
Let x = -34807 - -34835. What is the highest common factor of 3044 and x?
4
Let p = 309 - -240. What is the highest common factor of p and 732?
183
Let b = 22 + -15. Suppose -5*a = -6*a - b. Let y = a + 23. What is the highest common divisor of y and 176?
16
Suppose -8452*u = -8447*u - 1040. Calculate the greatest common factor of 728 and u.
104
Suppose z = -18 + 39. Let p = z - 42. Let f = p - -57. Calculate the greatest common divisor of 54 and f.
18
Suppose -13*o + 5979 = -131. Suppose -h - r = -14, -6*h + 32 = -4*h + 3*r. Calculate the greatest common factor of o and h.
10
Let c = 2044 + -1355. Calculate the greatest common factor of 52 and c.
13
Let d(o) = 6*o - 50. Let g be d(15). Let b = g - 31. Suppose -2*t - y = -7, -t + 0*y - b = 3*y. What is the highest common divisor of 9 and t?
3
Suppose 0 = -t + 168*z - 164*z + 9055, 0 = -3*t - 2*z + 27081. Calculate the highest common factor of 33 and t.
11
Let c = -306 + 346. Suppose c*z - 4140 = -6*z. What is the greatest common factor of 240 and z?
30
Let l = -841579 - -841600. Suppose -5*z = -20, 2*z = -3*v + 53 - 9. Calculate the highest common factor of l and v.
3
Let l be (-538)/16 + (-116)/(-32) + -4. Let c = 61 + l. What is the highest common factor of c and 6?
3
Let t(x) = -26*x + 1165. Let b be t(41). Calculate the highest common factor of 1254 and b.
33
Let l be 48/192 + (-2 - (-475)/4). Calculate the greatest common factor of l and 1017.
9
Let w = -1419 - -1561. What is the greatest common factor of w and 71?
71
Let j(a) = -a**3 - 19*a**2 - 78*a + 5. Let t be j(-13). Suppose 3*u = 6*u - 3*d - 597, -760 = -4*u - t*d. What is the greatest common divisor of 30 and u?
15
Suppose -2*j = 2*s - 58, -5*s = -4*j + 17 - 126. Let d = s + -11. Suppose 11*x - 